). Suppose 67*k - 136 = 63*k. Calculate the greatest common factor of k and i.
34
Let w = -66 - 16. Let v = w + 31. Let y = v - -91. Calculate the greatest common divisor of 16 and y.
8
Suppose 22*l + 1028 - 6638 = 0. Suppose 235*s - l*s = -11520. Calculate the greatest common factor of 36 and s.
36
Let i(a) = -185*a + 1027. Let o be i(-58). What is the highest common factor of o and 3?
3
Let p(y) = -y**2 - 12*y + 2896. Let f be p(48). Let m(i) = -i**3 - 11*i**2 + 11*i + 2. Let v be m(-12). What is the greatest common divisor of f and v?
2
Suppose 0 = -79*r + 99*r - 520. Calculate the greatest common divisor of 1651 and r.
13
Let c be (1764/8 - -9)/((-3)/(-6)). What is the greatest common divisor of c and 2601?
153
Let m be (-50)/(-4)*4/5. Let b be (264/m)/(4/30). Suppose -f - 6*x = -12, -70*f + 71*f - 21 = 3*x. Calculate the highest common divisor of f and b.
18
Suppose 52*o = 105*o - 321498. Calculate the highest common factor of 18 and o.
18
Suppose 3088 = 4*v - 4*g, -14*g = -2*v - 9*g + 1538. Calculate the highest common divisor of v and 306.
18
Let t be 5368*19/(304/20). What is the greatest common divisor of t and 110?
110
Let i = -24059 - -24091. Suppose 4*o = k + 581, 0 = 5*o - 4*o + 4*k - 124. What is the greatest common divisor of o and i?
16
Suppose 0 = s - 3*k - 68, -4*k + 0*k = 2*s - 86. Let w = 51 - s. Let c be 33 - (1 + -1 + w). What is the greatest common divisor of 5 and c?
5
Let o = 184 + -184. Suppose 4*v - 51 - 9 = o. Calculate the greatest common factor of v and 45.
15
Let v be (0/2)/((-1)/(-2)*-2). Suppose -w - w + 1098 = v. Suppose 0 = -9*f + w - 144. What is the greatest common divisor of f and 18?
9
Let i be 55*1 + -4 + 3. Let m(w) = -w**3 - w**2 - 5*w - 6. Let j be m(-1). Let d be (j - 1*-2)/(4/144). What is the greatest common factor of i and d?
18
Let m = -10 + 26. Suppose -4*r - 4*v + 16 = 0, -3*v + 11 + 1 = r. Suppose -5*f + 3*f + m = r. What is the greatest common factor of 64 and f?
8
Suppose 0 = 5*f - 25, 2*w + 5*f - 166 - 167 = 0. Let j be -15 + 23 - (6 - 1). Suppose -804 = -j*v - 672. What is the highest common factor of w and v?
22
Let c = -9146 - -9927. What is the greatest common factor of c and 473?
11
Suppose -13*a = -18*a - 4*d + 2312, 0 = 3*a - 2*d - 1374. What is the highest common factor of 575 and a?
115
Let b(a) = -660*a**2 - 15*a - 16. Let x be b(-1). Let m = x + 1003. Calculate the highest common factor of 18 and m.
18
Let r be 2454/10 + 2/(-5). Let j(a) = 8161*a - 81605. Let w be j(10). Calculate the highest common divisor of w and r.
5
Let u(t) = 110*t + 1542. Let b be u(-14). What is the highest common factor of b and 238?
2
Suppose -13*b = -10*b - 117. Suppose b = 2*f + 13. What is the greatest common divisor of 143 and f?
13
Let v be 7600/28 - (810/(-70) - -11). Calculate the highest common divisor of v and 112.
16
Let v = -53979 + 90488. Calculate the greatest common factor of 11 and v.
11
Let v be ((-35)/21)/((-2)/6). Let c be v + 20/(-4) + 3. Suppose 3*s - 100 = -5*o, -8*s - 2*o + 192 = -c*s. Calculate the greatest common factor of s and 100.
20
Let o be (10 - 9) + 6 + 3/(-1). Let q be o*1*((-35)/(-4) - -2). What is the greatest common divisor of q and 430?
43
Let l(p) be the first derivative of 2*p**2 + 35*p - 16. Let v be l(-8). Suppose -5*x + 120 = v*u, -3*u + 0*u = 0. What is the highest common factor of 32 and x?
8
Suppose -3145*c + 78150 = -3120*c. Calculate the highest common factor of c and 2.
2
Suppose -4*b - 1415 = -2*y - 3*b, -2121 = -3*y + b. Let g = y - 652. Calculate the greatest common divisor of g and 144.
18
Suppose 2*y = 2 + 2, 0 = 4*v + 4*y - 24. Suppose f - 11 = -v. Suppose -4*r - 5*i - 1 = -r, i = -3*r + f. Calculate the greatest common factor of r and 3.
3
Let g = 286 - -1050. What is the greatest common divisor of g and 112?
8
Let j(b) = b**2 - 14*b - 22. Let i be j(16). Suppose 2*y = -4 + i. What is the greatest common divisor of 6 and y?
3
Let h be -6*(-141)/(-4)*(480/72)/10. Let u be (0 + 1 - 3)*-76. Let r = h + u. Calculate the highest common divisor of 33 and r.
11
Let w(h) = 21*h - 156. Let j be w(7). Let p be (j - 0)*(-80)/36. What is the greatest common divisor of 540 and p?
20
Let o = -313 - -318. Suppose 3*x + o*l - 21 = 37, l = -5*x + 82. Calculate the greatest common factor of x and 88.
8
Suppose -6*s - 6 = 0, 1533 = r - 56*s + 59*s. What is the greatest common divisor of 816 and r?
48
Suppose 226 + 1209 = 5*v. Let k be 1/(-5 + (-16)/(-4)). Let x be 2/(14*k/(-287)). Calculate the greatest common factor of x and v.
41
Let t(w) = w**3 + 13*w**2 + 55*w - 19. Let k be t(-9). Let o be (0 - k/8) + (-126)/(-504). What is the greatest common factor of 32 and o?
8
Let w be 171*(117/27)/1. What is the greatest common factor of w and 195?
39
Let a(k) = -k**3 - 2*k**2 + 3*k + 4. Let u be a(-3). Let j = -36 - -45. Suppose -u*q + j = -11. What is the highest common divisor of 20 and q?
5
Let v = -23489 - -24253. What is the highest common factor of v and 10?
2
Let q be 6*1/12*0. Suppose 2 + 0 = 2*f - o, q = 5*f + o - 12. Let k be -1*(2*-8 + 2). Calculate the greatest common factor of k and f.
2
Let g(m) = 531*m + 5598. Let v be g(-10). What is the greatest common divisor of 256 and v?
32
Let t(i) = -8*i + 465. Let j be t(-40). Calculate the highest common factor of 5 and j.
5
Let k be 2/4 - (-2651)/22. Suppose l - k = -5*q + 5*l, -3*q + 71 = -2*l. Let w = 45 - q. What is the highest common factor of w and 3?
3
Let w(l) = 45*l + 183. Let s be w(17). Suppose -3*d + 941 + 491 = f, 2*d = f + s. What is the highest common factor of d and 28?
28
Suppose -981*q + 492*q + 7824 = -483*q. What is the highest common factor of q and 72?
8
Let t = 3324 + -2813. What is the highest common factor of t and 292?
73
Let p(i) = -37*i**3 - i**2 - 13*i - 11. Let v be p(-1). Calculate the highest common divisor of v and 3078.
38
Suppose -5*z + 7 = -p, -4*z - 3*p + p = -14. Suppose 7*l - 10 = z*l. Let w be -1 - 1 - (-3 + l - 19). Calculate the highest common divisor of w and 162.
18
Suppose 3*u = 15 - 6. Suppose -r = -o + 2 - 39, -2*o - 107 = -u*r. Calculate the highest common divisor of 22 and r.
11
Let u = 4971 + -4927. Calculate the greatest common divisor of 4928 and u.
44
Let i(u) be the first derivative of -u**3/3 + 25*u**2/2 - 64*u + 53. Let h be i(22). Calculate the greatest common factor of h and 8.
2
Suppose 0 = -7*t - 947 + 1052. What is the highest common factor of 245 and t?
5
Let v = -38 - -43. Suppose 0 = 2*x - 3 + v. Let u be (-52)/x*(0 - -1). What is the greatest common divisor of 78 and u?
26
Let h be (-1 + 3 + -112)*-2. Suppose 3*z = -5*j + 322, 2*z = 3*j - 5*j + h. Suppose -3*b = -z - 138. What is the greatest common factor of 12 and b?
12
Suppose 382 + 2329 = 13*x - 6415. Calculate the highest common factor of 486 and x.
54
Suppose f = -7*f + 2*f. Suppose -n + 2*n - 2*u + 16 = f, -u - 17 = 2*n. Let h = n - -48. What is the greatest common divisor of h and 304?
38
Suppose -2*i = -7*g + 3*g + 488, -2*g = -5*i - 1228. Let j = -174 - i. Suppose 4*m - 504 = -38*m. What is the greatest common divisor of m and j?
12
Let h = 575 + -680. Let p be ((-192)/(-20) + -8)/((-2)/h). What is the greatest common factor of 132 and p?
12
Let m = -1146 + 594. Let d be 132*((-299)/m + 1/8). Calculate the greatest common factor of 66 and d.
22
Suppose -24741*t = -24764*t + 460. What is the greatest common divisor of t and 475?
5
Let f(x) = 4*x**2 - 3*x - 36. Let g be f(8). Let b = 199 - g. Calculate the highest common divisor of 8 and b.
1
Let g(x) = 7*x**2 - 4*x + 20. Let w be g(6). Let l(i) = -i**2 - 6*i + 99. Let b be l(-13). Calculate the greatest common factor of w and b.
8
Suppose 0*u = -5*u + 120. Let n(v) = 139*v**2 - v + 2. Let t be n(-1). Let f = t + -102. Calculate the greatest common divisor of f and u.
8
Suppose r = -4*q + 1067, 2*r - 3*r - 529 = -2*q. Let u be (0 - -2)*1 - q/(-7). Calculate the greatest common factor of 360 and u.
40
Let v(c) = 503*c - 5025. Let x be v(10). What is the highest common divisor of 1345 and x?
5
Suppose -22*k - 11*k + 3960 = 0. Suppose -23*y + k = -13*y. Calculate the highest common divisor of 336 and y.
12
Let u be ((-64)/(-40))/(4/30). Let d be (-1263)/u + 2/8. Let v = d - -186. Calculate the highest common factor of v and 9.
9
Let g = -4264 